What is the units digit of j?
3
Let p = 961 + 365. Suppose -v + 637 = 2*r, 3*r - 4*v - p + 376 = 0. Suppose 510 = 12*z - r. What is the tens digit of z?
6
Let a(u) = 7*u - 39. Let v(o) = -1. Let h(x) = -a(x) + 4*v(x). Let b be h(0). Suppose b*l - 595 = 30*l. What is the tens digit of l?
1
Let t be (1 - -57)*((-54)/(-12))/9. Let y(g) = -1 - g**2 + 6 + 11*g - t*g + 3. What is the units digit of y(-9)?
9
Let g = 79 - 61. Suppose 0 = 5*r + 3 - g. What is the tens digit of (0 + -5)*(-3 - (2 + r))?
4
Suppose -y + 2*y + 4*k = -14, y + 3*k = -10. Suppose 4*z + 11*h - 6*h - 246 = 0, 0 = y*z + 5*h - 128. What is the units digit of z?
9
Let a(x) = -x**2 + 13*x - 167. Let n be a(23). Let q = 100 - n. What is the tens digit of q?
9
Let j be ((-150)/(-18) - 8)/((-4)/36). Let y(a) = 59*a**3 - 4*a**2 - 3*a. Let u be y(-3). What is the hundreds digit of (10/j)/(40/u)?
1
What is the units digit of 14504/(-42)*(0 + (-39)/2)?
4
Suppose -387*p - 5368 = -343*p. Let t = -453 + 79. Let v = p - t. What is the units digit of v?
2
Let d(j) = 73*j**3 + 8*j**2 - 10*j - 2. Let p = -476 + 478. What is the units digit of d(p)?
4
Let n = -51 - -78. Suppose -n*x + 52302 = 42*x. What is the units digit of x?
8
Let t(g) be the second derivative of g**5/30 + 5*g**4/24 + g**3/2 - 15*g**2/2 + 4*g. Let d(o) be the first derivative of t(o). What is the units digit of d(4)?
5
Suppose 0 = 5*d - 13 - 7, 0 = 3*c + 3*d + 15. Let t(u) = -u**3 + 7*u**2 + 15*u + 2. Let o be t(c). Suppose 12*p - o = 889. What is the tens digit of p?
7
Let f = 314 + -170. Let t = -86 + f. Suppose -4*h + t + 26 = 0. What is the units digit of h?
1
What is the hundreds digit of -6 + (10903 - (16 + -13))?
8
Let j(l) = 2305*l - 17. What is the hundreds digit of j(7)?
1
Let m = -779 + 1504. Let c = m + -414. What is the tens digit of c?
1
Let o = 92335 - 24495. What is the units digit of o?
0
Suppose -3*t = -2*h - 3*h - 115, -5*h - 175 = -5*t. Let r = 452 - t. What is the hundreds digit of r?
4
Suppose -1964 = -3*x + 5*m - 3*m, -5*m - 2614 = -4*x. Suppose 15*p = -p + x. What is the tens digit of p?
4
What is the hundreds digit of ((-1863)/(-135))/((-27)/(-26685))?
6
Let h = -259 + 261. What is the units digit of 295*h + (-2 - 4 - -10)?
4
What is the tens digit of 7 - 18 - (-8227 + -10)?
2
Let a be (166 + -169)/(3/(-17) + 0). Let w be -72 + -3 + (-1 - -1). What is the tens digit of (a - w)*(-5)/(-2)?
3
Let y(q) = 254*q**2 - 103*q + 3. What is the thousands digit of y(-5)?
6
Let u(i) be the second derivative of i**5/20 + 3*i**4/4 - 12*i**2 + 5*i - 7. What is the tens digit of u(-8)?
4
Suppose 5*n = 5*n + 2*n. Suppose 2*a + 224 = 2*y, -3*y + n*y + a = -346. What is the hundreds digit of y?
1
Let b = -12546 + 22821. What is the hundreds digit of b?
2
What is the thousands digit of (-18916)/(-10) - 21/(-15)?
1
Let l(j) = -j**2 + 22*j - 32. Let i(t) = -15 - 2 - 42*t + 10*t + 23*t. Let z be i(-4). What is the tens digit of l(z)?
2
Let f(n) = -4*n**2 + n - 8. Suppose q = -4*l - 4 - 1, 2*l = q + 5. Let w be f(q). Let u = -90 - w. What is the tens digit of u?
2
Let p(u) = -13*u + 9*u - 8 + 21*u. Let g be p(1). What is the tens digit of ((-434)/g)/(-1) + 4/(-18)?
4
Let f = 25177 - 14090. What is the thousands digit of f?
1
Let b(n) = -32*n - 283. Let l be b(-9). Suppose 14*y - l*c = 9*y + 6815, -2*c = 8. What is the tens digit of y?
5
Let k(d) = 6*d - 24. Let r be k(-6). Let x = r + 63. What is the units digit of (-3)/(-4)*4 + x?
6
Suppose -2*k = q + 3, -2*q + 4*k - 9 = -19. Let b be (-12)/(-5) + (-6)/15. Suppose -b*t + q = -129. What is the tens digit of t?
6
Let u(y) = y**2 + 12*y - 35. Let j be u(39). Suppose 0 = 7*p - j - 405. What is the hundreds digit of p?
3
Let w(f) = 17*f**2 + 5*f - 11. Let p be w(2). Suppose 3*u - p = -4*i + 703, 5*u - i = 1314. What is the units digit of u?
2
Suppose 37*p = -10*p + 423. Suppose 0 = 4*r + 3*w - 827, -p*r + 3*w + 203 = -8*r. What is the units digit of r?
6
Let m(p) be the second derivative of -3*p**5/5 + 7*p**4/12 + 8*p**3/3 + 6*p**2 + 58*p. What is the units digit of m(-4)?
8
Let f(p) = -102*p - 62. Let c be f(-3). Suppose 0 = 19*l - 22 - c. What is the units digit of l?
4
Suppose 0 = 5*y + 3*y - 2896. What is the hundreds digit of y?
3
Let k = 2882 - -714. What is the tens digit of k?
9
Let c(i) = 14371*i - i**3 - 14364*i + 12*i**2 + 3*i**2 - 9. What is the hundreds digit of c(13)?
4
Let v(q) = 9*q - 93. Let i be v(11). Suppose -12*n + 4500 = i*n. What is the hundreds digit of n?
2
Let l(j) = 88*j - 8. Let h(u) = -u. Let c(f) = 24*h(f) + l(f). Let y be c(7). Suppose 3*i + y = 11*i. What is the tens digit of i?
5
Let c(o) = -26*o**3 - 3*o**2 - 4*o - 15. Let k be c(-3). What is the tens digit of 0/(-1) + k + (-15)/5?
6
Let f(z) = 45*z + 5. Suppose -25*l = -33*l - 256. Let a be (-11)/(-9) + l/144. What is the tens digit of f(a)?
5
Let w(d) = -10*d + 46. Let h be w(5). Let s(v) = -200*v - 87. What is the hundreds digit of s(h)?
7
Suppose 0 = 3*j - 2*n - 238 - 78, -544 = -5*j - n. Suppose -3392 = j*l - 112*l. What is the units digit of l?
8
Let w = 3733 + 1139. What is the units digit of w?
2
Suppose -7*r = -3*r + 5*p - 135, 0 = 2*p + 10. Suppose -r*z = -46*z + 8670. What is the hundreds digit of z?
4
Let x be ((-300)/9)/(1/(-3)). Let b be (-4)/(-10) + 72/(-30) - (33 - -23). Let n = b + x. What is the tens digit of n?
4
Let t be (-12622)/16 - 8/448*7. Let r = 1159 + t. What is the units digit of r?
0
Suppose -1491*i + 1332*i = -2599650. What is the units digit of i?
0
Let y = 32 - 85. Let p = y + 144. Suppose 3*g + 0*g = -4*h + 241, 4*h = -g + p. What is the units digit of g?
5
Let r(h) = 155*h**3 - h + 1. Let g be r(1). Suppose -5*t - 2*d = 516, -3*t - 96 = -2*t - 2*d. Let m = g + t. What is the tens digit of m?
5
What is the tens digit of (8/(-1 + 17))/(2/13044)?
6
Suppose -12 = -0*x - x - s, -5*s + 33 = 2*x. Suppose -5*u = -0*t - t - x, -4*u + 8 = 0. What is the units digit of ((-2678)/(-65))/(t/5)?
6
Let p = -39 - -41. Suppose 2*g = -4*z + 70, -p*z + 27 + 39 = 2*g. What is the tens digit of g?
3
Let n = -2171 + 4117. What is the tens digit of n?
4
Let b(h) be the second derivative of 3*h**5/20 - h**4/6 - 11*h**3/6 + 44*h**2 - 139*h. What is the units digit of b(7)?
2
Let m = 58 + -5. Let z = 54 - m. What is the units digit of -3 + (-4)/z + 55?
8
Let v(b) = -b**2 + 30*b + 37. Let a be v(31). What is the tens digit of (-2)/a - 13356/(-54)?
4
What is the tens digit of (-2 - 4) + 10218 + 7 + -5?
1
Let f = -13586 - -25761. What is the thousands digit of f?
2
Let a(q) = -q**3 + 4*q**2 - 3*q + 8. Let k be a(4). Let y(w) = -33*w - 34. What is the units digit of y(k)?
8
Suppose 0 = 131*m - 135*m + 8. Suppose 44*u - 49*u = -m*j + 1629, 5*j + u = 4005. What is the units digit of j?
2
Let j(t) = 3*t**3 - 2*t**2 - t + 2. Let x be j(1). Suppose 5*k + x*k = 91. Suppose k*s = 4*s + 360. What is the units digit of s?
0
Let h = 2446 + 31976. What is the hundreds digit of h?
4
Suppose 4*l - 27 = -11. Suppose -4 = -2*o + l. Let r(f) = 7*f + 6. What is the units digit of r(o)?
4
Suppose 240*a = 245*a - 4*x - 50744, -3*a + x = -30452. What is the ten thousands digit of a?
1
What is the units digit of (3289942/16)/17 - 18/48?
5
Let g = 80 - 94. Let o = g - -22. Suppose -5*q = -4*u - 616, 0 = -4*u + 2*u - o. What is the tens digit of q?
2
Let t = -11 - -23. Let a(j) = 26*j**2 + 15*j + 76. Let p be a(-8). Suppose -t*i = 6*i - p. What is the tens digit of i?
9
Let y(q) = -q**2 + q + 2. Let b be y(-2). Suppose 0 = -4*p - z + 218, -5*p + z + 70 = -198. Let g = p - b. What is the units digit of g?
8
Suppose 0 = 14*j + 44 - 128. What is the units digit of (5 + j)*87/3?
9
Let a be (-31)/(-4) - (-29)/116. Suppose -4*b - a*b = -6300. What is the hundreds digit of b?
5
Let m(r) = 13*r + 5. Let o(s) = s**3 - 9*s**2 + 17*s - 15. Let y be o(7). What is the tens digit of m(y)?
8
Let y(r) = 1189*r - 541. What is the tens digit of y(7)?
8
Let m = -9 - -7. Let l be 2/m*(19 - 5). What is the units digit of l/(-6) + 2/3?
3
Let w(d) = 3*d**2 - 10*d - 19. Let v be w(10). Suppose 2*p - 623 = 5*o, -6*o + o - 621 = -4*p. Let k = o + v. What is the units digit of k?
6
Let i(f) = -3*f**3 - 2*f**3 + 275 - f + 5*f**3 + f**3 + 2*f**2. Suppose -18*n = -23*n. What is the hundreds digit of i(n)?
2
Let k be ((-54)/24)/((-9)/33792). S